-b2?
b7
In base 9, what is 2 + -30?
-27
In base 7, what is -234 + -2?
-236
In base 11, what is -6 + 43?
38
In base 6, what is -14 + 23?
5
In base 4, what is -11 - 123?
-200
In base 5, what is 3 - 400?
-342
In base 5, what is 2 + -112?
-110
In base 4, what is -1030 + 11?
-1013
In base 12, what is -1 - 35?
-36
In base 12, what is 21b5 - 0?
21b5
In base 13, what is 0 - -b5?
b5
In base 14, what is -3 + 174?
171
In base 12, what is 1 - -9?
a
In base 10, what is -31 - -83?
52
In base 3, what is -2102 + -102?
-2211
In base 9, what is 18 - -28?
47
In base 13, what is -555 - -7?
-54b
In base 8, what is -46 - -332?
264
In base 3, what is 121021 - 2?
121012
In base 9, what is 776 - 0?
776
In base 11, what is -22 + 98?
76
In base 6, what is 32 - -4030?
4102
In base 10, what is -3 - -2378?
2375
In base 9, what is -31 + -57?
-88
In base 8, what is -7 + 2440?
2431
In base 2, what is 1111010100100 - -11?
1111010100111
In base 2, what is -11 + 1011?
1000
In base 2, what is -10 - 111010111?
-111011001
In base 9, what is -7741 + 2?
-7738
In base 14, what is -136 + -5?
-13b
In base 12, what is -18b + 1?
-18a
In base 13, what is 676 + 0?
676
In base 8, what is 236 - 3?
233
In base 3, what is 2 - -100120?
100122
In base 3, what is 202 - 21111?
-20202
In base 9, what is 3163 - -3?
3166
In base 14, what is 3 + -19d?
-19a
In base 5, what is 341023 - -1?
341024
In base 15, what is -10 - -1c?
c
In base 4, what is 1021 + -31?
330
In base 3, what is 2001002 + -12?
2000220
In base 2, what is -1 - -110010011?
110010010
In base 9, what is -3244 - 1?
-3245
In base 6, what is 1050 - 11?
1035
In base 14, what is 3 - 25?
-22
In base 8, what is -6 - 33?
-41
In base 7, what is -6450 + 0?
-6450
In base 9, what is -24 + 406?
372
In base 8, what is -13 - 164?
-177
In base 11, what is -378 + -5?
-382
In base 7, what is -5 - -62?
54
In base 12, what is 2 - -751?
753
In base 15, what is 3 + 30?
33
In base 10, what is 202 + 56?
258
In base 15, what is -2a - -2?
-28
In base 6, what is 15 + -154?
-135
In base 2, what is 110001001000 + -11?
110001000101
In base 13, what is -9aba - -2?
-9ab8
In base 2, what is -1001 - -10111011110?
10111010101
In base 10, what is -5 - 9?
-14
In base 8, what is -7 + 4?
-3
In base 14, what is 8 + 50?
58
In base 7, what is 4 - -4225?
4232
In base 10, what is 7 - 34?
-27
In base 14, what is 1a6 - -b?
1b3
In base 14, what is 1b - 4?
17
In base 6, what is -2 - 1043?
-1045
In base 6, what is 0 + -1040?
-1040
In base 7, what is 251 + 14?
265
In base 3, what is 1 - -121122?
121200
In base 8, what is 531 + 1?
532
In base 4, what is 100 - 11?
23
In base 6, what is 5 + 345?
354
In base 14, what is -1 + 809?
808
In base 11, what is 4 - 48?
-44
In base 10, what is 2 + -33?
-31
In base 4, what is 30131 + -12?
30113
In base 3, what is 1000 - 12110?
-11110
In base 9, what is 12 - 26?
-14
In base 5, what is -131 - -1243?
1112
In base 8, what is 5 - 136?
-131
In base 11, what is -2518 - 3?
-2520
In base 11, what is -1419 - 5?
-1423
In base 2, what is -1 - -101000?
100111
In base 16, what is 12 - -32?
44
In base 14, what is 1 - -339?
33a
In base 4, what is 210 - 10?
200
In base 8, what is 55 + 26?
103
In base 12, what is 2a7 - 4?
2a3
In base 13, what is -25 - -13?
-12
In base 9, what is 4 + -648?
-644
In base 16, what is 5 - -751?
756
In base 15, what is 8d - 1?
8c
In base 5, what is 1204 - -24?
1233
In base 4, what is -231331 + 3?
-231322
In base 3, what is 220010 + -10?
220000
In base 10, what is 156 - 2?
154
In base 10, what is -7 + 3787?
3780
In base 7, what is 122 + 13?
135
In base 9, what is -5154 - 1?
-5155
In base 13, what is -1 + -c64?
-c65
In base 12, what is -41 - 2?
-43
In base 8, what is 27 + -1?
26
In base 12, what is -61 - -8?
-55
In base 3, what is 0 - 210011?
-210011
In base 4, what is 10 + -10?
0
In base 10, what is 2 - 127?
-125
In base 12, what is -10 - -17?
7
In base 10, what is -5 - 282?
-287
In base 9, what is 265 - -2?
267
In base 9, what is 1470 + 6?
1476
In base 8, what is -475 + -2?
-477
In base 4, what is 112 + 21?
133
In base 11, what is -1 - 44?
-45
In base 12, what is 15 - -73?
88
In base 7, what is -265 - -3?
-262
In base 14, what is -58 - -9?
-4d
In base 6, what is -4 + 14?
10
In base 14, what is -8d1 + -1?
-8d2
In base 5, what is 1 - 13041?
-13040
In base 5, what is 1044 - -3?
1102
In base 13, what is 2 + -25?
-23
In base 12, what is -81 - 1?
-82
In base 4, what is 2 - -100?
102
In base 5, what is -10 - -200?
140
In base 13, what is -711 - 5?
-716
In base 10, what is 21 - 5?
16
In base 8, what is 33 - 226?
-173
In base 8, what is -72 - 3?
-75
In base 8, what is 14 - 162?
-146
In base 4, what is 333101 + -1?
333100
In base 14, what is 1 - 94?
-93
In base 10, what is -99 + -103?
-202
In base 16, what is -8 - -3e?
36
In base 12, what is -7 - 26b?
-276
In base 9, what is 1725 - 2?
1723
In base 4, what is 3 - -212311?
212320
In base 16, what is 242f - 1?
242e
In base 7, what is 0 + 1016?
1016
In base 16, what is 2 + 1ae?
1b0
In base 14, what is b - -4?
11
In base 16, what is 4 + -260?
-25c
In base 15, what is 153 - 5?
14d
In base 15, what is -d40 - 4?
-d44
In base 3, what is -110211 + 112?
-110022
In base 8, what is -3 - -44?
41
In base 7, what is -106 + 434?
325
In base 11, what is -1 - -a9?
a8
In base 13, what is 1 - 46?
-45
In base 12, what is -5 + 8b6?
8b1
In base 16, what is -1 + 4?
3
In base 5, what is -11 + 14?
3
In base 3, what is 1110 - -210?
2020
In base 6, what is -12 + 355?
343
In base 3, what is -10112121 + 1?
-10112120
In base 4, what is -1122 + -11?
-1133
In base 8, what is -57 - -3?
-54
In base 6, what is -2121 - -2?
-2115
In base 13, what is 3 + -25c?
-259
In base 3, what is 202020 + 102?
202122
In base 8, what is 15 + 232?
247
In base 9, what is 74 - -2?
76
In base 13, what is 46c - -2?
471
In base 8, what is -76 - 20?
-116
In base 2, what is -10000 + -100001000?
-100011000
In base 6, what is -2 + 5003?
5001
In base 5, what is 1 - 440?
-434
In base 3, what is 100 - -10120?
10220
In base 3, what is -122 + -22?
-221
In base 16, what is -c - -3?
-9
In base 10, what is -15 + -27?
-42
In base 11, what is 23 + 194?
207
In base 6, what is 554 + 2?
1000
In base 11, what is 1 + -110?
-10a
In base 15, what is 64 + 2b?
90
In base 6, what is -123 - 1124?
-1251
In base 4, what is -13001 - -110?
-12231
In base 14, what is -1a9 - -8?
-1a1
In base 2, what is -1 + -11011?
-11100
In base 14, what is 4 + 119?
11d
In base 2, what is 111111 - 101?
111010
In base 4, what is 12 - 201?
-123
In base 6, what is 1503 - 102?
1401
In base 2, what is 1000011 - 100?
111111
In base 12, what is 167 - 4?
163
In base 12, what is -3 - 1b?
-22
In base 3, what is 10010020 - 10?
10010010
In base 12, what is -5 - 3a?
-43
In base 15, what is 4 - ed?
-e9
In base 16, what is -4 + a2d?
a29
In base 4, what is 11 + 1003?
1020
In base 3, what is 12 + -220?
-201
In base 16, what is -98b - -2?
-989
In base 11, what is 9a8 + -1?
9a7
In base 14, what is -10a + -5?
-111
In base 10, what is 3 + 295?
298
In base 12, what is -20 - -5?
-17
In base 6, what is 1532 - -25?
2001
In base 2, what is -101 - -1111010001?
1111001100
In base 14, what is 6d + 6?
75
In base 14, what is 4 - -a6?
aa
In base 10, what is 2 + 31?
33
In base 10, what is 92 + 77?
169
In base 14, what is 21b + -3?
218
In base 2, what is 100 - -10?
110
In base 10, what is -2 + -140?
-142
In base 13, what is 4 - 78a?
-786
In base 16, what is -c4 - -f?
-b5
In base 16, what is -1 + -5e5?
-5e6
In base 7, what is -233564 - 1?
-233565
In base 16, what is 48 + 5?
4d
In base 6, what is -15 + -1110?
-1125
In base 12, what is -a - 99?
-a7
In base 12, what is -32a - 16?
-344
In base 7, what is -33423 - -4?
-33416
In base 14, what is -55 + 3?
-52
In base 16, what is -21 + -4?
-25
In base 4, what is 2022 + 3?
2031
In base 7, what is 10 + 5?
15
In base 11, what is -5 + 61?
57
In base 9, what is -15 - 275?
-301
In base 16, what is 3 + 4e?
51
In base 8, what is -10 - 2?
-12
In base 14, what is -19 - -d?
-a
In base 14, what is -27 - -4?
-23
In base 5, what is 2 - 1020?
-1013
In base 16, what is -4 - -6f7?
6f3
In base 9, what is 5 + 2074?
2080
In base 7, what is 4 - -541?
545
In base 2, what is 101101001 + 1?
101101010
In base 7, what is 1136 - -6?
1145
In base 3, what is 2 - -1211200?
1211202
In base 12, what is 6 - 3?
3
In base 15, wh